 the greatest common divisor of 1659 and 63?
21
What is the greatest common divisor of 70 and 364?
14
What is the highest common factor of 1 and 3463?
1
What is the highest common factor of 156 and 144?
12
What is the greatest common divisor of 24 and 1304?
8
What is the greatest common divisor of 1 and 189?
1
What is the highest common divisor of 694 and 2?
2
Calculate the greatest common factor of 17 and 17.
17
Calculate the highest common factor of 54 and 513.
27
Calculate the greatest common factor of 6633 and 198.
99
What is the highest common factor of 1152 and 9?
9
What is the highest common divisor of 3817 and 22?
11
Calculate the greatest common divisor of 828 and 552.
276
What is the highest common divisor of 63 and 1029?
21
Calculate the greatest common factor of 100 and 8.
4
What is the greatest common factor of 5 and 85?
5
What is the greatest common divisor of 748 and 594?
22
What is the greatest common divisor of 87 and 16124?
29
Calculate the greatest common factor of 216 and 24.
24
What is the greatest common factor of 64 and 2488?
8
Calculate the greatest common factor of 85 and 1445.
85
Calculate the greatest common factor of 32 and 1704.
8
Calculate the greatest common divisor of 60 and 1230.
30
What is the greatest common factor of 90 and 225?
45
Calculate the highest common factor of 260 and 6140.
20
Calculate the greatest common divisor of 340 and 280.
20
Calculate the greatest common divisor of 875 and 7375.
125
What is the greatest common factor of 5423 and 1595?
319
Calculate the greatest common factor of 72428 and 76.
76
What is the greatest common factor of 2106 and 2028?
78
What is the greatest common divisor of 5002 and 488?
122
What is the highest common factor of 34 and 340?
34
What is the greatest common factor of 234 and 2912?
26
What is the greatest common factor of 1 and 352?
1
Calculate the highest common divisor of 126 and 14.
14
What is the greatest common divisor of 5180 and 120?
20
What is the highest common factor of 2 and 37?
1
What is the greatest common factor of 21 and 294?
21
Calculate the greatest common divisor of 72 and 72.
72
What is the greatest common factor of 22 and 21967?
11
What is the greatest common divisor of 416 and 128?
32
Calculate the greatest common divisor of 50 and 675.
25
What is the greatest common divisor of 324 and 30?
6
Calculate the highest common divisor of 29 and 5.
1
Calculate the greatest common divisor of 11 and 803.
11
Calculate the greatest common factor of 189 and 45.
9
What is the greatest common divisor of 182 and 247?
13
What is the highest common factor of 77 and 189?
7
What is the highest common divisor of 118 and 12?
2
Calculate the highest common divisor of 39 and 416.
13
Calculate the highest common factor of 1 and 9.
1
What is the highest common factor of 2773 and 649?
59
Calculate the greatest common divisor of 3 and 8457.
3
What is the greatest common divisor of 136 and 16?
8
Calculate the greatest common factor of 2052 and 108.
108
What is the greatest common factor of 876 and 12?
12
What is the highest common factor of 12 and 16?
4
What is the greatest common divisor of 247 and 133?
19
What is the greatest common divisor of 245 and 175?
35
What is the greatest common divisor of 892 and 12?
4
What is the highest common factor of 68 and 16?
4
Calculate the highest common factor of 112 and 266.
14
What is the highest common factor of 106 and 689?
53
What is the highest common factor of 20 and 90?
10
What is the greatest common divisor of 65898 and 14?
14
What is the highest common divisor of 17531 and 94?
47
What is the highest common divisor of 21 and 1281?
21
Calculate the highest common divisor of 43 and 11438.
43
Calculate the greatest common divisor of 30 and 20.
10
What is the highest common factor of 1826 and 88?
22
Calculate the greatest common factor of 9 and 51.
3
Calculate the greatest common factor of 1190 and 35.
35
What is the highest common factor of 3819 and 133?
19
Calculate the greatest common divisor of 801 and 9.
9
What is the greatest common divisor of 8 and 22136?
8
What is the highest common factor of 170608 and 16?
16
What is the highest common divisor of 2037 and 21?
21
Calculate the highest common factor of 4131 and 510.
51
Calculate the greatest common divisor of 41 and 1763.
41
What is the greatest common factor of 26 and 38077?
13
What is the greatest common factor of 182 and 14?
14
What is the highest common divisor of 12 and 1500?
12
What is the greatest common divisor of 153 and 51?
51
What is the greatest common factor of 96 and 6?
6
Calculate the greatest common factor of 8 and 52.
4
What is the greatest common factor of 25651 and 454?
227
What is the greatest common divisor of 133 and 38?
19
Calculate the greatest common factor of 348 and 324.
12
Calculate the highest common divisor of 147 and 343.
49
Calculate the greatest common divisor of 3 and 543.
3
What is the highest common factor of 38324 and 134?
134
What is the greatest common divisor of 507 and 26?
13
What is the greatest common factor of 1003 and 413?
59
What is the greatest common factor of 7204 and 4?
4
Calculate the highest common factor of 126 and 840.
42
What is the highest common divisor of 48 and 120?
24
What is the greatest common divisor of 165 and 462?
33
Calculate the highest common factor of 130 and 320.
10
What is the greatest common divisor of 16 and 768?
16
What is the highest common divisor of 286 and 260?
26
Calculate the highest common factor of 3 and 3.
3
Calculate the highest common factor of 2608 and 16.
16
What is the greatest common divisor of 12284 and 148?
148
Calculate the highest common divisor of 36 and 135.
9
Calculate the highest common divisor of 198 and 576.
18
What is the highest common factor of 30 and 4110?
30
What is the greatest common factor of 185 and 111?
37
What is the greatest common divisor of 377 and 52?
13
What is the highest common factor of 1540 and 14?
14
What is the greatest common factor of 49 and 245?
49
What is the highest common divisor of 416 and 52?
52
Calculate the highest common factor of 21 and 98.
7
Calculate the greatest common divisor of 6014 and 582.
194
What is the highest common factor of 120 and 405?
15
Calculate the greatest common factor of 10 and 430.
10
What is the greatest common factor of 21 and 224?
7
Calculate the greatest common factor of 33 and 15.
3
What is the highest common divisor of 56 and 448?
56
Calculate the highest common divisor of 108 and 3072.
12
Calculate the highest common factor of 421 and 2.
1
Calculate the greatest common divisor of 109 and 119028.
109
What is the greatest common factor of 10 and 2222?
2
What is the greatest common factor of 2673 and 405?
81
Calculate the greatest common divisor of 3 and 96.
3
What is the greatest common factor of 2154 and 6?
6
What is the greatest common divisor of 15 and 70?
5
What is the greatest common divisor of 20 and 644?
4
Calculate the highest common factor of 312 and 117.
39
Calculate the greatest common divisor of 153 and 34.
17
What is the greatest common divisor of 13038 and 123?
123
What is the highest common divisor of 1 and 1321?
1
What is the greatest common divisor of 160 and 110?
10
Calculate the highest common factor of 497 and 2201.
71
What is the highest common divisor of 20 and 40?
20
What is the greatest common divisor of 192 and 848?
16
What is the highest common factor of 4156 and 4?
4
Calculate the highest common divisor of 175 and 20.
5
Calculate the greatest common factor of 140 and 595.
35
What is the greatest common factor of 940 and 100?
20
What is the greatest common factor of 1980 and 900?
180
What is the highest common divisor of 85 and 85?
85
Calculate the greatest common factor of 496 and 32.
16
Calculate the highest common divisor of 11 and 1430.
11
What is the greatest common factor of 408 and 102?
102
What is the highest common divisor of 1632 and 714?
102
What is the greatest common divisor of 11 and 4?
1
Calculate the greatest common divisor of 5 and 85.
5
Calculate the greatest common divisor of 6 and 6.
6
Calculate the highest common factor of 1340 and 2278.
134
Calculate the greatest common factor of 20 and 10880.
20
Calculate the highest common factor of 1240 and 217.
31
What is the h